{"id":2,"date":"2021-10-30T18:03:33","date_gmt":"2021-10-30T17:03:33","guid":{"rendered":"https:\/\/dyvo.eu\/tutor-template-01\/?page_id=2"},"modified":"2022-07-01T10:57:06","modified_gmt":"2022-07-01T08:57:06","slug":"sample-page","status":"publish","type":"page","link":"https:\/\/dyvo.eu\/auxilium\/","title":{"rendered":"Organisation"},"content":{"rendered":"<div id=\"pl-2\"  class=\"panel-layout\" ><div id=\"pg-2-0\"  class=\"panel-grid panel-has-style\" ><div class=\"section-header panel-row-style panel-row-style-for-2-0\" ><div id=\"pgc-2-0-0\"  class=\"panel-grid-cell\" ><div id=\"panel-2-0-0-0\" class=\"so-panel widget widget_sow-editor panel-first-child panel-last-child\" data-index=\"0\" ><div\n\t\t\t\n\t\t\tclass=\"so-widget-sow-editor so-widget-sow-editor-base\"\n\t\t\t\n\t\t>\n<div class=\"siteorigin-widget-tinymce textwidget\">\n\t<p><img loading=\"lazy\" decoding=\"async\" class=\"alignnone\" src=\"https:\/\/dyvo.eu\/organisation-template-de\/wp-content\/uploads\/sites\/6\/map-pin-point.png\" alt=\"\" width=\"43\" height=\"57\" \/><br \/>\nVerein Auxilium<br \/>\nGeidorfplatz 2<br \/>\n8010 Graz, Austria<\/p>\n<p><a href=\"mailto:office@auxilium.co.at\"><img loading=\"lazy\" decoding=\"async\" class=\"wp-image-335 alignnone\" src=\"https:\/\/dyvo.eu\/organisation-template-de\/wp-content\/uploads\/sites\/6\/call-logs.png\" alt=\"\" width=\"44\" height=\"50\" \/><br \/>\noffice@auxilium.co.at<\/a><br \/>\n+43 316 328044<\/p>\n<\/div>\n<\/div><\/div><\/div><div id=\"pgc-2-0-1\"  class=\"panel-grid-cell\" ><div id=\"panel-2-0-1-0\" class=\"so-panel widget widget_sow-editor panel-first-child panel-last-child\" data-index=\"1\" ><div\n\t\t\t\n\t\t\tclass=\"so-widget-sow-editor so-widget-sow-editor-base\"\n\t\t\t\n\t\t>\n<div class=\"siteorigin-widget-tinymce textwidget\">\n\t<p><img loading=\"lazy\" decoding=\"async\" class=\"wp-image-336 alignnone\" src=\"https:\/\/dyvo.eu\/organisation-template-de\/wp-content\/uploads\/sites\/6\/group-chat.png\" alt=\"\" width=\"91\" height=\"70\" \/><br \/>\n<strong>TUTOR<br \/>\n<\/strong>Carina Posch<br \/>\n<a href=\"mailto:carina.posch@auxilium.co.at\">carina.posch@auxilium.co.at<\/a><\/p>\n<\/div>\n<\/div><\/div><\/div><\/div><\/div><div id=\"pg-2-1\"  class=\"panel-grid panel-no-style\" ><div id=\"pgc-2-1-0\"  class=\"panel-grid-cell\" ><div id=\"panel-2-1-0-0\" class=\"so-panel widget widget_sow-editor panel-first-child panel-last-child\" data-index=\"2\" ><div\n\t\t\t\n\t\t\tclass=\"so-widget-sow-editor so-widget-sow-editor-base\"\n\t\t\t\n\t\t><h3 class=\"widget-title\">ABOUT US<\/h3>\n<div class=\"siteorigin-widget-tinymce textwidget\">\n\t<p>Auxilium was founded in 2004 as a non-profit association for the promotion of education and culture in a \"Europe of the Regions\" and is based in Graz, Austria. We are partners in many European Erasmus+ projects and focus our work on the development of learning materials and quality assurance in the fields of vocational education and training, adult education, and youth education. One of our main interests is work-based learning, but we are also active in many other areas such as virtual reality. In addition to this, we put a strong emphasis on youth mobility by organising internship stays for Austrian (vocational) students abroad.<\/p>\n<\/div>\n<\/div><\/div><\/div><div id=\"pgc-2-1-1\"  class=\"panel-grid-cell\" ><div id=\"panel-2-1-1-0\" class=\"so-panel widget widget_sow-editor panel-first-child panel-last-child\" data-index=\"3\" ><div\n\t\t\t\n\t\t\tclass=\"so-widget-sow-editor so-widget-sow-editor-base\"\n\t\t\t\n\t\t><h3 class=\"widget-title\">\u00dcBER UNS<\/h3>\n<div class=\"siteorigin-widget-tinymce textwidget\">\n\t<p>Auxilium wurde 2004 als gemeinn\u00fctziger Verein zur F\u00f6rderung von Bildung und Kultur in einem \"Europa der Regionen\" gegr\u00fcndet und hat seinen Sitz in Graz, \u00d6sterreich. Wir sind Partner in vielen europ\u00e4ischen Erasmus+ Projekten und konzentrieren unsere Arbeit auf die Entwicklung von Lernmaterialien und Qualit\u00e4tssicherung in den Bereichen Berufsbildung, Erwachsenenbildung und Jugendbildung. Eines unserer Hauptinteressen ist das berufsbezogene Lernen, aber wir sind auch in vielen anderen Bereichen, beispielsweise Virtual Reality, t\u00e4tig. Dar\u00fcber hinaus legen wir unseren Schwerpunkt auf die Jugendmobilit\u00e4t und organisieren Praktikumsaufenthalte f\u00fcr \u00f6sterreichische Lehrlinge und Sch\u00fclerInnen im Ausland.<\/p>\n<\/div>\n<\/div><\/div><\/div><\/div><\/div>","protected":false},"excerpt":{"rendered":"<p>Verein Auxilium Geidorfplatz 2 8010 Graz, Austria office@auxilium.co.at +43 316 328044 TUTOR Carina Posch carina.posch@auxilium.co.at Auxilium was founded in 2004 as a non-profit association for the promotion of education and culture in a &#8220;Europe of the Regions&#8221; and is based in Graz, Austria. We are partners in many European Erasmus+ projects and focus our work &#8230; <a title=\"Organisation\" class=\"read-more\" href=\"https:\/\/dyvo.eu\/auxilium\/\" aria-label=\"Read more about Organisation\">Read more<\/a><\/p>\n","protected":false},"author":1,"featured_media":0,"parent":0,"menu_order":0,"comment_status":"closed","ping_status":"open","template":"","meta":{"footnotes":""},"class_list":["post-2","page","type-page","status-publish"],"yoast_head":"<!-- This site is optimized with the Yoast SEO plugin v27.4 - https:\/\/yoast.com\/product\/yoast-seo-wordpress\/ -->\n<title>Organisation - Verein Auxilium<\/title>\n<meta name=\"robots\" content=\"index, follow, max-snippet:-1, max-image-preview:large, max-video-preview:-1\" \/>\n<link rel=\"canonical\" href=\"https:\/\/dyvo.eu\/auxilium\/\" \/>\n<meta property=\"og:locale\" content=\"en_GB\" \/>\n<meta property=\"og:type\" content=\"article\" \/>\n<meta property=\"og:title\" content=\"Organisation - Verein Auxilium\" \/>\n<meta property=\"og:description\" content=\"Verein Auxilium Geidorfplatz 2 8010 Graz, Austria office@auxilium.co.at +43 316 328044 TUTOR Carina Posch carina.posch@auxilium.co.at Auxilium was founded in 2004 as a non-profit association for the promotion of education and culture in a &quot;Europe of the Regions&quot; and is based in Graz, Austria. We are partners in many European Erasmus+ projects and focus our work ... Read more\" \/>\n<meta property=\"og:url\" content=\"https:\/\/dyvo.eu\/auxilium\/\" \/>\n<meta property=\"og:site_name\" content=\"Verein Auxilium\" \/>\n<meta property=\"article:modified_time\" content=\"2022-07-01T08:57:06+00:00\" \/>\n<meta property=\"og:image\" content=\"https:\/\/dyvo.eu\/organisation-template-de\/wp-content\/uploads\/sites\/6\/map-pin-point.png\" \/>\n<meta name=\"twitter:card\" content=\"summary_large_image\" \/>\n<meta name=\"twitter:label1\" content=\"Estimated reading time\" \/>\n\t<meta name=\"twitter:data1\" content=\"1 minute\" \/>\n<script type=\"application\/ld+json\" class=\"yoast-schema-graph\">{\"@context\":\"https:\\\/\\\/schema.org\",\"@graph\":[{\"@type\":\"WebPage\",\"@id\":\"https:\\\/\\\/dyvo.eu\\\/auxilium\\\/\",\"url\":\"https:\\\/\\\/dyvo.eu\\\/auxilium\\\/\",\"name\":\"Organisation - Verein Auxilium\",\"isPartOf\":{\"@id\":\"https:\\\/\\\/dyvo.eu\\\/auxilium\\\/#website\"},\"primaryImageOfPage\":{\"@id\":\"https:\\\/\\\/dyvo.eu\\\/auxilium\\\/#primaryimage\"},\"image\":{\"@id\":\"https:\\\/\\\/dyvo.eu\\\/auxilium\\\/#primaryimage\"},\"thumbnailUrl\":\"https:\\\/\\\/dyvo.eu\\\/organisation-template-de\\\/wp-content\\\/uploads\\\/sites\\\/6\\\/map-pin-point.png\",\"datePublished\":\"2021-10-30T17:03:33+00:00\",\"dateModified\":\"2022-07-01T08:57:06+00:00\",\"breadcrumb\":{\"@id\":\"https:\\\/\\\/dyvo.eu\\\/auxilium\\\/#breadcrumb\"},\"inLanguage\":\"en-GB\",\"potentialAction\":[{\"@type\":\"ReadAction\",\"target\":[\"https:\\\/\\\/dyvo.eu\\\/auxilium\\\/\"]}]},{\"@type\":\"ImageObject\",\"inLanguage\":\"en-GB\",\"@id\":\"https:\\\/\\\/dyvo.eu\\\/auxilium\\\/#primaryimage\",\"url\":\"https:\\\/\\\/dyvo.eu\\\/organisation-template-de\\\/wp-content\\\/uploads\\\/sites\\\/6\\\/map-pin-point.png\",\"contentUrl\":\"https:\\\/\\\/dyvo.eu\\\/organisation-template-de\\\/wp-content\\\/uploads\\\/sites\\\/6\\\/map-pin-point.png\"},{\"@type\":\"BreadcrumbList\",\"@id\":\"https:\\\/\\\/dyvo.eu\\\/auxilium\\\/#breadcrumb\",\"itemListElement\":[{\"@type\":\"ListItem\",\"position\":1,\"name\":\"Home\",\"item\":\"https:\\\/\\\/dyvo.eu\\\/auxilium\\\/\"},{\"@type\":\"ListItem\",\"position\":2,\"name\":\"Organisation\"}]},{\"@type\":\"WebSite\",\"@id\":\"https:\\\/\\\/dyvo.eu\\\/auxilium\\\/#website\",\"url\":\"https:\\\/\\\/dyvo.eu\\\/auxilium\\\/\",\"name\":\"Verein Auxilium\",\"description\":\"Austria | \u00d6sterreich\",\"publisher\":{\"@id\":\"https:\\\/\\\/dyvo.eu\\\/auxilium\\\/#organization\"},\"potentialAction\":[{\"@type\":\"SearchAction\",\"target\":{\"@type\":\"EntryPoint\",\"urlTemplate\":\"https:\\\/\\\/dyvo.eu\\\/auxilium\\\/?s={search_term_string}\"},\"query-input\":{\"@type\":\"PropertyValueSpecification\",\"valueRequired\":true,\"valueName\":\"search_term_string\"}}],\"inLanguage\":\"en-GB\"},{\"@type\":\"Organization\",\"@id\":\"https:\\\/\\\/dyvo.eu\\\/auxilium\\\/#organization\",\"name\":\"Verein Auxilium\",\"url\":\"https:\\\/\\\/dyvo.eu\\\/auxilium\\\/\",\"logo\":{\"@type\":\"ImageObject\",\"inLanguage\":\"en-GB\",\"@id\":\"https:\\\/\\\/dyvo.eu\\\/auxilium\\\/#\\\/schema\\\/logo\\\/image\\\/\",\"url\":\"https:\\\/\\\/dyvo.eu\\\/auxilium\\\/wp-content\\\/uploads\\\/sites\\\/21\\\/2022\\\/03\\\/Auxilium_big_RGB.png\",\"contentUrl\":\"https:\\\/\\\/dyvo.eu\\\/auxilium\\\/wp-content\\\/uploads\\\/sites\\\/21\\\/2022\\\/03\\\/Auxilium_big_RGB.png\",\"width\":1747,\"height\":1257,\"caption\":\"Verein Auxilium\"},\"image\":{\"@id\":\"https:\\\/\\\/dyvo.eu\\\/auxilium\\\/#\\\/schema\\\/logo\\\/image\\\/\"}}]}<\/script>\n<!-- \/ Yoast SEO plugin. -->","yoast_head_json":{"title":"Organisation - Verein Auxilium","robots":{"index":"index","follow":"follow","max-snippet":"max-snippet:-1","max-image-preview":"max-image-preview:large","max-video-preview":"max-video-preview:-1"},"canonical":"https:\/\/dyvo.eu\/auxilium\/","og_locale":"en_GB","og_type":"article","og_title":"Organisation - Verein Auxilium","og_description":"Verein Auxilium Geidorfplatz 2 8010 Graz, Austria office@auxilium.co.at +43 316 328044 TUTOR Carina Posch carina.posch@auxilium.co.at Auxilium was founded in 2004 as a non-profit association for the promotion of education and culture in a \"Europe of the Regions\" and is based in Graz, Austria. We are partners in many European Erasmus+ projects and focus our work ... Read more","og_url":"https:\/\/dyvo.eu\/auxilium\/","og_site_name":"Verein Auxilium","article_modified_time":"2022-07-01T08:57:06+00:00","og_image":[{"url":"https:\/\/dyvo.eu\/organisation-template-de\/wp-content\/uploads\/sites\/6\/map-pin-point.png","type":"","width":"","height":""}],"twitter_card":"summary_large_image","twitter_misc":{"Estimated reading time":"1 minute"},"schema":{"@context":"https:\/\/schema.org","@graph":[{"@type":"WebPage","@id":"https:\/\/dyvo.eu\/auxilium\/","url":"https:\/\/dyvo.eu\/auxilium\/","name":"Organisation - Verein Auxilium","isPartOf":{"@id":"https:\/\/dyvo.eu\/auxilium\/#website"},"primaryImageOfPage":{"@id":"https:\/\/dyvo.eu\/auxilium\/#primaryimage"},"image":{"@id":"https:\/\/dyvo.eu\/auxilium\/#primaryimage"},"thumbnailUrl":"https:\/\/dyvo.eu\/organisation-template-de\/wp-content\/uploads\/sites\/6\/map-pin-point.png","datePublished":"2021-10-30T17:03:33+00:00","dateModified":"2022-07-01T08:57:06+00:00","breadcrumb":{"@id":"https:\/\/dyvo.eu\/auxilium\/#breadcrumb"},"inLanguage":"en-GB","potentialAction":[{"@type":"ReadAction","target":["https:\/\/dyvo.eu\/auxilium\/"]}]},{"@type":"ImageObject","inLanguage":"en-GB","@id":"https:\/\/dyvo.eu\/auxilium\/#primaryimage","url":"https:\/\/dyvo.eu\/organisation-template-de\/wp-content\/uploads\/sites\/6\/map-pin-point.png","contentUrl":"https:\/\/dyvo.eu\/organisation-template-de\/wp-content\/uploads\/sites\/6\/map-pin-point.png"},{"@type":"BreadcrumbList","@id":"https:\/\/dyvo.eu\/auxilium\/#breadcrumb","itemListElement":[{"@type":"ListItem","position":1,"name":"Home","item":"https:\/\/dyvo.eu\/auxilium\/"},{"@type":"ListItem","position":2,"name":"Organisation"}]},{"@type":"WebSite","@id":"https:\/\/dyvo.eu\/auxilium\/#website","url":"https:\/\/dyvo.eu\/auxilium\/","name":"Verein Auxilium","description":"Austria | \u00d6sterreich","publisher":{"@id":"https:\/\/dyvo.eu\/auxilium\/#organization"},"potentialAction":[{"@type":"SearchAction","target":{"@type":"EntryPoint","urlTemplate":"https:\/\/dyvo.eu\/auxilium\/?s={search_term_string}"},"query-input":{"@type":"PropertyValueSpecification","valueRequired":true,"valueName":"search_term_string"}}],"inLanguage":"en-GB"},{"@type":"Organization","@id":"https:\/\/dyvo.eu\/auxilium\/#organization","name":"Verein Auxilium","url":"https:\/\/dyvo.eu\/auxilium\/","logo":{"@type":"ImageObject","inLanguage":"en-GB","@id":"https:\/\/dyvo.eu\/auxilium\/#\/schema\/logo\/image\/","url":"https:\/\/dyvo.eu\/auxilium\/wp-content\/uploads\/sites\/21\/2022\/03\/Auxilium_big_RGB.png","contentUrl":"https:\/\/dyvo.eu\/auxilium\/wp-content\/uploads\/sites\/21\/2022\/03\/Auxilium_big_RGB.png","width":1747,"height":1257,"caption":"Verein Auxilium"},"image":{"@id":"https:\/\/dyvo.eu\/auxilium\/#\/schema\/logo\/image\/"}}]}},"_links":{"self":[{"href":"https:\/\/dyvo.eu\/auxilium\/wp-json\/wp\/v2\/pages\/2","targetHints":{"allow":["GET"]}}],"collection":[{"href":"https:\/\/dyvo.eu\/auxilium\/wp-json\/wp\/v2\/pages"}],"about":[{"href":"https:\/\/dyvo.eu\/auxilium\/wp-json\/wp\/v2\/types\/page"}],"author":[{"embeddable":true,"href":"https:\/\/dyvo.eu\/auxilium\/wp-json\/wp\/v2\/users\/1"}],"replies":[{"embeddable":true,"href":"https:\/\/dyvo.eu\/auxilium\/wp-json\/wp\/v2\/comments?post=2"}],"version-history":[{"count":6,"href":"https:\/\/dyvo.eu\/auxilium\/wp-json\/wp\/v2\/pages\/2\/revisions"}],"predecessor-version":[{"id":539,"href":"https:\/\/dyvo.eu\/auxilium\/wp-json\/wp\/v2\/pages\/2\/revisions\/539"}],"wp:attachment":[{"href":"https:\/\/dyvo.eu\/auxilium\/wp-json\/wp\/v2\/media?parent=2"}],"curies":[{"name":"wp","href":"https:\/\/api.w.org\/{rel}","templated":true}]}}