{"id":2,"date":"2021-10-30T18:03:33","date_gmt":"2021-10-30T17:03:33","guid":{"rendered":"https:\/\/dyvo.eu\/tutor-template-01\/?page_id=2"},"modified":"2022-03-24T18:10:58","modified_gmt":"2022-03-24T17:10:58","slug":"sample-page","status":"publish","type":"page","link":"https:\/\/dyvo.eu\/jdc\/","title":{"rendered":"Organisation"},"content":{"rendered":"<div id=\"pl-2\"  class=\"panel-layout\" ><div id=\"pg-2-0\"  class=\"panel-grid panel-has-style\" ><div class=\"section-header panel-row-style panel-row-style-for-2-0\" ><div id=\"pgc-2-0-0\"  class=\"panel-grid-cell\" ><div id=\"panel-2-0-0-0\" class=\"so-panel widget widget_sow-editor panel-first-child panel-last-child\" data-index=\"0\" ><div\n\t\t\t\n\t\t\tclass=\"so-widget-sow-editor so-widget-sow-editor-base\"\n\t\t\t\n\t\t>\n<div class=\"siteorigin-widget-tinymce textwidget\">\n\t<p><img loading=\"lazy\" decoding=\"async\" class=\"alignnone\" src=\"https:\/\/dyvo.eu\/organisation-template-de\/wp-content\/uploads\/sites\/6\/map-pin-point.png\" alt=\"\" width=\"43\" height=\"57\" \/><br \/>\nJaunuoliu Dienos Centras<br \/>\nKranto g. 18<br \/>\nLT-35173 Panevezys, Lithuania<\/p>\n<p><img loading=\"lazy\" decoding=\"async\" class=\"wp-image-335 alignnone\" src=\"https:\/\/dyvo.eu\/organisation-template-de\/wp-content\/uploads\/sites\/6\/call-logs.png\" alt=\"\" width=\"44\" height=\"50\" \/><br \/>\n<a href=\"https:\/\/pjdc.lt\/\" target=\"_blank\" rel=\"noopener\">www.pjdc.lt<\/a><br \/>\n<a href=\"mailto:dienos_centras@hotmail.com\">dienos_centras@hotmail.com<\/a><\/p>\n<\/div>\n<\/div><\/div><\/div><div id=\"pgc-2-0-1\"  class=\"panel-grid-cell\" ><div id=\"panel-2-0-1-0\" class=\"so-panel widget widget_sow-editor panel-first-child panel-last-child\" data-index=\"1\" ><div\n\t\t\t\n\t\t\tclass=\"so-widget-sow-editor so-widget-sow-editor-base\"\n\t\t\t\n\t\t>\n<div class=\"siteorigin-widget-tinymce textwidget\">\n\t<p><img loading=\"lazy\" decoding=\"async\" class=\"wp-image-336 alignnone\" src=\"https:\/\/dyvo.eu\/organisation-template-de\/wp-content\/uploads\/sites\/6\/group-chat.png\" alt=\"\" width=\"91\" height=\"70\" \/><br \/>\n<strong>TUTOR<br \/>\n<\/strong>Julia Gudiene<br \/>\n<a href=\"mailto:julijaluksyte@gmail.com\">julijaluksyte@gmail.com<\/a><\/p>\n<\/div>\n<\/div><\/div><\/div><\/div><\/div><div id=\"pg-2-1\"  class=\"panel-grid panel-no-style\" ><div id=\"pgc-2-1-0\"  class=\"panel-grid-cell\" ><div id=\"panel-2-1-0-0\" class=\"so-panel widget widget_sow-editor panel-first-child panel-last-child\" data-index=\"2\" ><div\n\t\t\t\n\t\t\tclass=\"so-widget-sow-editor so-widget-sow-editor-base\"\n\t\t\t\n\t\t><h3 class=\"widget-title\">ABOUT US<\/h3>\n<div class=\"siteorigin-widget-tinymce textwidget\">\n\t<div class=\"siteorigin-widget-tinymce textwidget\">\n\tJaunuoliu dienos centras (JDC) is a social service institution that was established in 1996 by Panevezys Town Council in Lithuania. We provide daily activities for disabled youngster\u2019s severe and moderate physical and intellectual impairment over 18 years of age. These activities include small work tasks, drama, art, sport, IT, and informal education. We also provide social care for our clients. Our mission is to foster the uniqueness of each person while working towards the integration of disabled people into society. We give a lot of importance to links with the community and organize special activities such as a theatre festival, sports competitions, and Christmas activities. JDC is constantly seeking to develop through professional staff development, creating new activities that lead to development opportunities for disabled people and cooperating with organizations in other countries, adopting good practices from abroad.<\/div>\n<\/div>\n<\/div><\/div><\/div><div id=\"pgc-2-1-1\"  class=\"panel-grid-cell\" ><div id=\"panel-2-1-1-0\" class=\"so-panel widget widget_sow-editor panel-first-child panel-last-child\" data-index=\"3\" ><div\n\t\t\t\n\t\t\tclass=\"so-widget-sow-editor so-widget-sow-editor-base\"\n\t\t\t\n\t\t><h3 class=\"widget-title\">APIE MUS<\/h3>\n<div class=\"siteorigin-widget-tinymce textwidget\">\n\t<div class=\"siteorigin-widget-tinymce textwidget\">\n\tJaunuoli\u0173 dienos centras (JDC) \u2013 socialini\u0173 paslaug\u0173 \u012fstaiga, kuri\u0105 1996 m. \u012fsteig\u0117 Panev\u0117\u017eio miesto taryba Lietuvoje. Teikiame kasdien\u0119 veikl\u0105 ne\u012fgaliam jaunuoliui, turin\u010diam sunk\u0173 ir vidutin\u012f fizin\u012f ir intelektin\u012f sutrikim\u0105, vyresniems nei 18 met\u0173. \u0160i veikla apima smulkias darbo u\u017eduotis, teatr\u0105, men\u0105, sport\u0105, IT ir neformal\u0173j\u012f \u0161vietim\u0105. Taip pat teikiame socialin\u0119 prie\u017ei\u016br\u0105 savo klientams. M\u016bs\u0173 misija \u2013 puosel\u0117ti kiekvieno \u017emogaus savitum\u0105, stengiantis integruoti ne\u012fgaliuosius \u012f visuomen\u0119. Didel\u0119 reik\u0161m\u0119 teikiame ry\u0161iams su bendruomene ir organizuojame specialias veiklas, tokias kaip teatro festivalis, sporto var\u017eybos, kal\u0117din\u0117s veiklos. JDC nuolat siekia tobul\u0117ti, tobulinant profesional\u0173 personal\u0105, kurdama naujas veiklas, kurios atveria galimybes tobul\u0117ti ne\u012fgaliesiems, bendradarbiauja su kit\u0173 \u0161ali\u0173 organizacijomis, perima ger\u0105j\u0105 patirt\u012f i\u0161 u\u017esienio.<\/div>\n<\/div>\n<\/div><\/div><\/div><\/div><\/div>","protected":false},"excerpt":{"rendered":"<p>Jaunuoliu Dienos Centras Kranto g. 18 LT-35173 Panevezys, Lithuania www.pjdc.lt dienos_centras@hotmail.com TUTOR Julia Gudiene julijaluksyte@gmail.com Jaunuoliu dienos centras (JDC) is a social service institution that was established in 1996 by Panevezys Town Council in Lithuania. We provide daily activities for disabled youngster\u2019s severe and moderate physical and intellectual impairment over 18 years of age. These &#8230; <a title=\"Organisation\" class=\"read-more\" href=\"https:\/\/dyvo.eu\/jdc\/\" aria-label=\"Read more about Organisation\">Read more<\/a><\/p>\n","protected":false},"author":1,"featured_media":0,"parent":0,"menu_order":0,"comment_status":"closed","ping_status":"open","template":"","meta":{"footnotes":""},"class_list":["post-2","page","type-page","status-publish"],"yoast_head":"<!-- This site is optimized with the Yoast SEO plugin v27.4 - https:\/\/yoast.com\/product\/yoast-seo-wordpress\/ -->\n<title>Organisation - Jaunuoliu Dienos Centras<\/title>\n<meta name=\"robots\" content=\"index, follow, max-snippet:-1, max-image-preview:large, max-video-preview:-1\" \/>\n<link rel=\"canonical\" href=\"https:\/\/dyvo.eu\/jdc\/\" \/>\n<meta property=\"og:locale\" content=\"en_GB\" \/>\n<meta property=\"og:type\" content=\"article\" \/>\n<meta property=\"og:title\" content=\"Organisation - Jaunuoliu Dienos Centras\" \/>\n<meta property=\"og:description\" content=\"Jaunuoliu Dienos Centras Kranto g. 18 LT-35173 Panevezys, Lithuania www.pjdc.lt dienos_centras@hotmail.com TUTOR Julia Gudiene julijaluksyte@gmail.com Jaunuoliu dienos centras (JDC) is a social service institution that was established in 1996 by Panevezys Town Council in Lithuania. We provide daily activities for disabled youngster\u2019s severe and moderate physical and intellectual impairment over 18 years of age. These ... Read more\" \/>\n<meta property=\"og:url\" content=\"https:\/\/dyvo.eu\/jdc\/\" \/>\n<meta property=\"og:site_name\" content=\"Jaunuoliu Dienos Centras\" \/>\n<meta property=\"article:modified_time\" content=\"2022-03-24T17:10:58+00:00\" \/>\n<meta property=\"og:image\" content=\"https:\/\/dyvo.eu\/organisation-template-de\/wp-content\/uploads\/sites\/6\/map-pin-point.png\" \/>\n<meta name=\"twitter:card\" content=\"summary_large_image\" \/>\n<meta name=\"twitter:label1\" content=\"Estimated reading time\" \/>\n\t<meta name=\"twitter:data1\" content=\"1 minute\" \/>\n<script type=\"application\/ld+json\" class=\"yoast-schema-graph\">{\"@context\":\"https:\\\/\\\/schema.org\",\"@graph\":[{\"@type\":\"WebPage\",\"@id\":\"https:\\\/\\\/dyvo.eu\\\/jdc\\\/\",\"url\":\"https:\\\/\\\/dyvo.eu\\\/jdc\\\/\",\"name\":\"Organisation - Jaunuoliu Dienos Centras\",\"isPartOf\":{\"@id\":\"https:\\\/\\\/dyvo.eu\\\/jdc\\\/#website\"},\"primaryImageOfPage\":{\"@id\":\"https:\\\/\\\/dyvo.eu\\\/jdc\\\/#primaryimage\"},\"image\":{\"@id\":\"https:\\\/\\\/dyvo.eu\\\/jdc\\\/#primaryimage\"},\"thumbnailUrl\":\"https:\\\/\\\/dyvo.eu\\\/organisation-template-de\\\/wp-content\\\/uploads\\\/sites\\\/6\\\/map-pin-point.png\",\"datePublished\":\"2021-10-30T17:03:33+00:00\",\"dateModified\":\"2022-03-24T17:10:58+00:00\",\"breadcrumb\":{\"@id\":\"https:\\\/\\\/dyvo.eu\\\/jdc\\\/#breadcrumb\"},\"inLanguage\":\"en-GB\",\"potentialAction\":[{\"@type\":\"ReadAction\",\"target\":[\"https:\\\/\\\/dyvo.eu\\\/jdc\\\/\"]}]},{\"@type\":\"ImageObject\",\"inLanguage\":\"en-GB\",\"@id\":\"https:\\\/\\\/dyvo.eu\\\/jdc\\\/#primaryimage\",\"url\":\"https:\\\/\\\/dyvo.eu\\\/organisation-template-de\\\/wp-content\\\/uploads\\\/sites\\\/6\\\/map-pin-point.png\",\"contentUrl\":\"https:\\\/\\\/dyvo.eu\\\/organisation-template-de\\\/wp-content\\\/uploads\\\/sites\\\/6\\\/map-pin-point.png\"},{\"@type\":\"BreadcrumbList\",\"@id\":\"https:\\\/\\\/dyvo.eu\\\/jdc\\\/#breadcrumb\",\"itemListElement\":[{\"@type\":\"ListItem\",\"position\":1,\"name\":\"Home\",\"item\":\"https:\\\/\\\/dyvo.eu\\\/jdc\\\/\"},{\"@type\":\"ListItem\",\"position\":2,\"name\":\"Organisation\"}]},{\"@type\":\"WebSite\",\"@id\":\"https:\\\/\\\/dyvo.eu\\\/jdc\\\/#website\",\"url\":\"https:\\\/\\\/dyvo.eu\\\/jdc\\\/\",\"name\":\"Jaunuoliu Dienos Centras\",\"description\":\"Lithuania | Lietuva\",\"publisher\":{\"@id\":\"https:\\\/\\\/dyvo.eu\\\/jdc\\\/#organization\"},\"potentialAction\":[{\"@type\":\"SearchAction\",\"target\":{\"@type\":\"EntryPoint\",\"urlTemplate\":\"https:\\\/\\\/dyvo.eu\\\/jdc\\\/?s={search_term_string}\"},\"query-input\":{\"@type\":\"PropertyValueSpecification\",\"valueRequired\":true,\"valueName\":\"search_term_string\"}}],\"inLanguage\":\"en-GB\"},{\"@type\":\"Organization\",\"@id\":\"https:\\\/\\\/dyvo.eu\\\/jdc\\\/#organization\",\"name\":\"Jaunuoliu Dienos Centras\",\"url\":\"https:\\\/\\\/dyvo.eu\\\/jdc\\\/\",\"logo\":{\"@type\":\"ImageObject\",\"inLanguage\":\"en-GB\",\"@id\":\"https:\\\/\\\/dyvo.eu\\\/jdc\\\/#\\\/schema\\\/logo\\\/image\\\/\",\"url\":\"https:\\\/\\\/dyvo.eu\\\/jdc\\\/wp-content\\\/uploads\\\/sites\\\/28\\\/JDC_Logo.jpg\",\"contentUrl\":\"https:\\\/\\\/dyvo.eu\\\/jdc\\\/wp-content\\\/uploads\\\/sites\\\/28\\\/JDC_Logo.jpg\",\"width\":1000,\"height\":554,\"caption\":\"Jaunuoliu Dienos Centras\"},\"image\":{\"@id\":\"https:\\\/\\\/dyvo.eu\\\/jdc\\\/#\\\/schema\\\/logo\\\/image\\\/\"}}]}<\/script>\n<!-- \/ Yoast SEO plugin. -->","yoast_head_json":{"title":"Organisation - Jaunuoliu Dienos Centras","robots":{"index":"index","follow":"follow","max-snippet":"max-snippet:-1","max-image-preview":"max-image-preview:large","max-video-preview":"max-video-preview:-1"},"canonical":"https:\/\/dyvo.eu\/jdc\/","og_locale":"en_GB","og_type":"article","og_title":"Organisation - Jaunuoliu Dienos Centras","og_description":"Jaunuoliu Dienos Centras Kranto g. 18 LT-35173 Panevezys, Lithuania www.pjdc.lt dienos_centras@hotmail.com TUTOR Julia Gudiene julijaluksyte@gmail.com Jaunuoliu dienos centras (JDC) is a social service institution that was established in 1996 by Panevezys Town Council in Lithuania. We provide daily activities for disabled youngster\u2019s severe and moderate physical and intellectual impairment over 18 years of age. These ... Read more","og_url":"https:\/\/dyvo.eu\/jdc\/","og_site_name":"Jaunuoliu Dienos Centras","article_modified_time":"2022-03-24T17:10:58+00:00","og_image":[{"url":"https:\/\/dyvo.eu\/organisation-template-de\/wp-content\/uploads\/sites\/6\/map-pin-point.png","type":"","width":"","height":""}],"twitter_card":"summary_large_image","twitter_misc":{"Estimated reading time":"1 minute"},"schema":{"@context":"https:\/\/schema.org","@graph":[{"@type":"WebPage","@id":"https:\/\/dyvo.eu\/jdc\/","url":"https:\/\/dyvo.eu\/jdc\/","name":"Organisation - Jaunuoliu Dienos Centras","isPartOf":{"@id":"https:\/\/dyvo.eu\/jdc\/#website"},"primaryImageOfPage":{"@id":"https:\/\/dyvo.eu\/jdc\/#primaryimage"},"image":{"@id":"https:\/\/dyvo.eu\/jdc\/#primaryimage"},"thumbnailUrl":"https:\/\/dyvo.eu\/organisation-template-de\/wp-content\/uploads\/sites\/6\/map-pin-point.png","datePublished":"2021-10-30T17:03:33+00:00","dateModified":"2022-03-24T17:10:58+00:00","breadcrumb":{"@id":"https:\/\/dyvo.eu\/jdc\/#breadcrumb"},"inLanguage":"en-GB","potentialAction":[{"@type":"ReadAction","target":["https:\/\/dyvo.eu\/jdc\/"]}]},{"@type":"ImageObject","inLanguage":"en-GB","@id":"https:\/\/dyvo.eu\/jdc\/#primaryimage","url":"https:\/\/dyvo.eu\/organisation-template-de\/wp-content\/uploads\/sites\/6\/map-pin-point.png","contentUrl":"https:\/\/dyvo.eu\/organisation-template-de\/wp-content\/uploads\/sites\/6\/map-pin-point.png"},{"@type":"BreadcrumbList","@id":"https:\/\/dyvo.eu\/jdc\/#breadcrumb","itemListElement":[{"@type":"ListItem","position":1,"name":"Home","item":"https:\/\/dyvo.eu\/jdc\/"},{"@type":"ListItem","position":2,"name":"Organisation"}]},{"@type":"WebSite","@id":"https:\/\/dyvo.eu\/jdc\/#website","url":"https:\/\/dyvo.eu\/jdc\/","name":"Jaunuoliu Dienos Centras","description":"Lithuania | Lietuva","publisher":{"@id":"https:\/\/dyvo.eu\/jdc\/#organization"},"potentialAction":[{"@type":"SearchAction","target":{"@type":"EntryPoint","urlTemplate":"https:\/\/dyvo.eu\/jdc\/?s={search_term_string}"},"query-input":{"@type":"PropertyValueSpecification","valueRequired":true,"valueName":"search_term_string"}}],"inLanguage":"en-GB"},{"@type":"Organization","@id":"https:\/\/dyvo.eu\/jdc\/#organization","name":"Jaunuoliu Dienos Centras","url":"https:\/\/dyvo.eu\/jdc\/","logo":{"@type":"ImageObject","inLanguage":"en-GB","@id":"https:\/\/dyvo.eu\/jdc\/#\/schema\/logo\/image\/","url":"https:\/\/dyvo.eu\/jdc\/wp-content\/uploads\/sites\/28\/JDC_Logo.jpg","contentUrl":"https:\/\/dyvo.eu\/jdc\/wp-content\/uploads\/sites\/28\/JDC_Logo.jpg","width":1000,"height":554,"caption":"Jaunuoliu Dienos Centras"},"image":{"@id":"https:\/\/dyvo.eu\/jdc\/#\/schema\/logo\/image\/"}}]}},"_links":{"self":[{"href":"https:\/\/dyvo.eu\/jdc\/wp-json\/wp\/v2\/pages\/2","targetHints":{"allow":["GET"]}}],"collection":[{"href":"https:\/\/dyvo.eu\/jdc\/wp-json\/wp\/v2\/pages"}],"about":[{"href":"https:\/\/dyvo.eu\/jdc\/wp-json\/wp\/v2\/types\/page"}],"author":[{"embeddable":true,"href":"https:\/\/dyvo.eu\/jdc\/wp-json\/wp\/v2\/users\/1"}],"replies":[{"embeddable":true,"href":"https:\/\/dyvo.eu\/jdc\/wp-json\/wp\/v2\/comments?post=2"}],"version-history":[{"count":5,"href":"https:\/\/dyvo.eu\/jdc\/wp-json\/wp\/v2\/pages\/2\/revisions"}],"predecessor-version":[{"id":504,"href":"https:\/\/dyvo.eu\/jdc\/wp-json\/wp\/v2\/pages\/2\/revisions\/504"}],"wp:attachment":[{"href":"https:\/\/dyvo.eu\/jdc\/wp-json\/wp\/v2\/media?parent=2"}],"curies":[{"name":"wp","href":"https:\/\/api.w.org\/{rel}","templated":true}]}}