{"id":2,"date":"2021-10-30T18:03:33","date_gmt":"2021-10-30T17:03:33","guid":{"rendered":"https:\/\/dyvo.eu\/tutor-template-01\/?page_id=2"},"modified":"2022-11-03T23:25:27","modified_gmt":"2022-11-03T22:25:27","slug":"sample-page","status":"publish","type":"page","link":"https:\/\/dyvo.eu\/yearout-onlus\/","title":{"rendered":"Organisation"},"content":{"rendered":"<div id=\"pl-2\"  class=\"panel-layout\" ><div id=\"pg-2-0\"  class=\"panel-grid panel-has-style\" ><div class=\"section-header panel-row-style panel-row-style-for-2-0\" ><div id=\"pgc-2-0-0\"  class=\"panel-grid-cell\" ><div id=\"panel-2-0-0-0\" class=\"so-panel widget widget_sow-editor panel-first-child panel-last-child\" data-index=\"0\" ><div\n\t\t\t\n\t\t\tclass=\"so-widget-sow-editor so-widget-sow-editor-base\"\n\t\t\t\n\t\t>\n<div class=\"siteorigin-widget-tinymce textwidget\">\n\t<p><img loading=\"lazy\" decoding=\"async\" class=\"alignnone\" src=\"https:\/\/dyvo.eu\/organisation-template-de\/wp-content\/uploads\/sites\/32\/map-pin-point.png\" alt=\"\" width=\"43\" height=\"57\" \/><br \/>\nYEAROUT ONLUS<br \/>\n<label><\/label>Piazzetta di Brera, 24<br \/>\n<label><\/label>20121 <label><\/label>Milano, <label><\/label>Italy<\/p>\n<p><a href=\"mailto:office@auxilium.co.at\"><img loading=\"lazy\" decoding=\"async\" class=\"wp-image-335 alignnone\" src=\"https:\/\/dyvo.eu\/organisation-template-de\/wp-content\/uploads\/sites\/32\/call-logs.png\" alt=\"\" width=\"44\" height=\"50\" \/><br \/>\n<\/a><a href=\"mailto:alice.riva@yearout.it\">alice.riva@yearout.it<\/a><br \/>\n<a href=\"http:\/\/www.yearout.it\" target=\"_blank\" rel=\"noopener\">http:\/\/www.yearout.it<\/a><\/p>\n<\/div>\n<\/div><\/div><\/div><div id=\"pgc-2-0-1\"  class=\"panel-grid-cell\" ><div id=\"panel-2-0-1-0\" class=\"so-panel widget widget_sow-editor panel-first-child panel-last-child\" data-index=\"1\" ><div\n\t\t\t\n\t\t\tclass=\"so-widget-sow-editor so-widget-sow-editor-base\"\n\t\t\t\n\t\t>\n<div class=\"siteorigin-widget-tinymce textwidget\">\n\t<p><img loading=\"lazy\" decoding=\"async\" class=\"wp-image-336 alignnone\" src=\"https:\/\/dyvo.eu\/organisation-template-de\/wp-content\/uploads\/sites\/32\/group-chat.png\" alt=\"\" width=\"91\" height=\"70\" \/><br \/>\n<strong>TUTOR<br \/>\n<\/strong><label><\/label>Alice <label><\/label>Riva<br \/>\n<a href=\"mailto:alice.riva@yearout.it\">alice.riva@yearout.it<\/a><\/p>\n<\/div>\n<\/div><\/div><\/div><\/div><\/div><div id=\"pg-2-1\"  class=\"panel-grid panel-no-style\" ><div id=\"pgc-2-1-0\"  class=\"panel-grid-cell\" ><div id=\"panel-2-1-0-0\" class=\"so-panel widget widget_sow-editor panel-first-child panel-last-child\" data-index=\"2\" ><div\n\t\t\t\n\t\t\tclass=\"so-widget-sow-editor so-widget-sow-editor-base\"\n\t\t\t\n\t\t><h3 class=\"widget-title\">ABOUT US<\/h3>\n<div class=\"siteorigin-widget-tinymce textwidget\">\n\t<p>YearOut is mainly aimed at young people, who are the most important resource available to design a change. Volunteering means becoming aware of what is happening in the world, to plan for a better future. The younger generation is more inclined to change and acquire new ways of thinking; they are creative, innovative and determined. This is why YearOut has decided to turn to them. Yearout feels part of a larger program, thanks to the participation of more than 600 young volunteers who have helped to support the goals dictated by the United Nations Sustainable Development Goals. With honour, year after year, it will continue to create the best conditions for young people to be involved in the process of change, both for themselves and for those with whom they will operate during their experience.<\/p>\n<\/div>\n<\/div><\/div><\/div><div id=\"pgc-2-1-1\"  class=\"panel-grid-cell\" ><div id=\"panel-2-1-1-0\" class=\"so-panel widget widget_sow-editor panel-first-child panel-last-child\" data-index=\"3\" ><div\n\t\t\t\n\t\t\tclass=\"so-widget-sow-editor so-widget-sow-editor-base\"\n\t\t\t\n\t\t><h3 class=\"widget-title\">CHI SIAMO<\/h3>\n<div class=\"siteorigin-widget-tinymce textwidget\">\n\t<p>Il compito di YearOut \u00e8 quindi quello di coordinare le esigenze dei partner con le capacit\u00e0 dei volontari che partecipano al progetto. YearOut si rivolge principalmente ai giovani, la risorsa pi\u00f9 importante a disposizione per disegnare un cambiamento. Fare un\u2019esperienza di volontariato significa prendere coscienza di quello che succede nel mondo, per pianificare un futuro migliore. I giovani sono pi\u00f9 inclini al cambiamento e ad acquisire nuovi modi di pensare; sono creativi, innovativi e determinati. Per questo YearOut ha deciso di rivolgersi a loro. YearOut si sente parte di un programma pi\u00f9 grande, grazie alla partecipazione di pi\u00f9 di 600 giovani volontari ha contribuito a sostenere gli obiettivi dettati dagli United Nations Sustainable Development Goals. Con onore, anno dopo anno, continuer\u00e0 a creare le condizioni migliori perch\u00e9 i giovani siano coinvolti nel processo di cambiamento, sia rivolto a loro stessi che a coloro con cui opereranno durante la loro esperienza.<\/p>\n<\/div>\n<\/div><\/div><\/div><\/div><\/div>","protected":false},"excerpt":{"rendered":"<p>YEAROUT ONLUS Piazzetta di Brera, 24 20121 Milano, Italy alice.riva@yearout.it http:\/\/www.yearout.it TUTOR Alice Riva alice.riva@yearout.it YearOut is mainly aimed at young people, who are the most important resource available to design a change. Volunteering means becoming aware of what is happening in the world, to plan for a better future. The younger generation is more &#8230; <a title=\"Organisation\" class=\"read-more\" href=\"https:\/\/dyvo.eu\/yearout-onlus\/\" aria-label=\"Read more about Organisation\">Read more<\/a><\/p>\n","protected":false},"author":1,"featured_media":0,"parent":0,"menu_order":0,"comment_status":"closed","ping_status":"open","template":"","meta":{"footnotes":""},"class_list":["post-2","page","type-page","status-publish"],"yoast_head":"<!-- This site is optimized with the Yoast SEO plugin v27.5 - https:\/\/yoast.com\/product\/yoast-seo-wordpress\/ -->\n<title>Organisation - YEAROUT ONLUS<\/title>\n<meta name=\"robots\" content=\"index, follow, max-snippet:-1, max-image-preview:large, max-video-preview:-1\" \/>\n<link rel=\"canonical\" href=\"https:\/\/dyvo.eu\/yearout-onlus\/\" \/>\n<meta property=\"og:locale\" content=\"en_GB\" \/>\n<meta property=\"og:type\" content=\"article\" \/>\n<meta property=\"og:title\" content=\"Organisation - YEAROUT ONLUS\" \/>\n<meta property=\"og:description\" content=\"YEAROUT ONLUS Piazzetta di Brera, 24 20121 Milano, Italy alice.riva@yearout.it http:\/\/www.yearout.it TUTOR Alice Riva alice.riva@yearout.it YearOut is mainly aimed at young people, who are the most important resource available to design a change. Volunteering means becoming aware of what is happening in the world, to plan for a better future. The younger generation is more ... Read more\" \/>\n<meta property=\"og:url\" content=\"https:\/\/dyvo.eu\/yearout-onlus\/\" \/>\n<meta property=\"og:site_name\" content=\"YEAROUT ONLUS\" \/>\n<meta property=\"article:modified_time\" content=\"2022-11-03T22:25:27+00:00\" \/>\n<meta property=\"og:image\" content=\"https:\/\/dyvo.eu\/organisation-template-de\/wp-content\/uploads\/sites\/32\/map-pin-point.png\" \/>\n<meta name=\"twitter:card\" content=\"summary_large_image\" \/>\n<meta name=\"twitter:label1\" content=\"Estimated reading time\" \/>\n\t<meta name=\"twitter:data1\" content=\"2 minutes\" \/>\n<script type=\"application\/ld+json\" class=\"yoast-schema-graph\">{\"@context\":\"https:\\\/\\\/schema.org\",\"@graph\":[{\"@type\":\"WebPage\",\"@id\":\"https:\\\/\\\/dyvo.eu\\\/yearout-onlus\\\/\",\"url\":\"https:\\\/\\\/dyvo.eu\\\/yearout-onlus\\\/\",\"name\":\"Organisation - YEAROUT ONLUS\",\"isPartOf\":{\"@id\":\"https:\\\/\\\/dyvo.eu\\\/yearout-onlus\\\/#website\"},\"primaryImageOfPage\":{\"@id\":\"https:\\\/\\\/dyvo.eu\\\/yearout-onlus\\\/#primaryimage\"},\"image\":{\"@id\":\"https:\\\/\\\/dyvo.eu\\\/yearout-onlus\\\/#primaryimage\"},\"thumbnailUrl\":\"https:\\\/\\\/dyvo.eu\\\/organisation-template-de\\\/wp-content\\\/uploads\\\/sites\\\/32\\\/map-pin-point.png\",\"datePublished\":\"2021-10-30T17:03:33+00:00\",\"dateModified\":\"2022-11-03T22:25:27+00:00\",\"breadcrumb\":{\"@id\":\"https:\\\/\\\/dyvo.eu\\\/yearout-onlus\\\/#breadcrumb\"},\"inLanguage\":\"en-GB\",\"potentialAction\":[{\"@type\":\"ReadAction\",\"target\":[\"https:\\\/\\\/dyvo.eu\\\/yearout-onlus\\\/\"]}]},{\"@type\":\"ImageObject\",\"inLanguage\":\"en-GB\",\"@id\":\"https:\\\/\\\/dyvo.eu\\\/yearout-onlus\\\/#primaryimage\",\"url\":\"https:\\\/\\\/dyvo.eu\\\/organisation-template-de\\\/wp-content\\\/uploads\\\/sites\\\/32\\\/map-pin-point.png\",\"contentUrl\":\"https:\\\/\\\/dyvo.eu\\\/organisation-template-de\\\/wp-content\\\/uploads\\\/sites\\\/32\\\/map-pin-point.png\"},{\"@type\":\"BreadcrumbList\",\"@id\":\"https:\\\/\\\/dyvo.eu\\\/yearout-onlus\\\/#breadcrumb\",\"itemListElement\":[{\"@type\":\"ListItem\",\"position\":1,\"name\":\"Home\",\"item\":\"https:\\\/\\\/dyvo.eu\\\/yearout-onlus\\\/\"},{\"@type\":\"ListItem\",\"position\":2,\"name\":\"Organisation\"}]},{\"@type\":\"WebSite\",\"@id\":\"https:\\\/\\\/dyvo.eu\\\/yearout-onlus\\\/#website\",\"url\":\"https:\\\/\\\/dyvo.eu\\\/yearout-onlus\\\/\",\"name\":\"YEAROUT ONLUS\",\"description\":\"Italia | Italy\",\"publisher\":{\"@id\":\"https:\\\/\\\/dyvo.eu\\\/yearout-onlus\\\/#organization\"},\"potentialAction\":[{\"@type\":\"SearchAction\",\"target\":{\"@type\":\"EntryPoint\",\"urlTemplate\":\"https:\\\/\\\/dyvo.eu\\\/yearout-onlus\\\/?s={search_term_string}\"},\"query-input\":{\"@type\":\"PropertyValueSpecification\",\"valueRequired\":true,\"valueName\":\"search_term_string\"}}],\"inLanguage\":\"en-GB\"},{\"@type\":\"Organization\",\"@id\":\"https:\\\/\\\/dyvo.eu\\\/yearout-onlus\\\/#organization\",\"name\":\"YEAROUT ONLUS\",\"url\":\"https:\\\/\\\/dyvo.eu\\\/yearout-onlus\\\/\",\"logo\":{\"@type\":\"ImageObject\",\"inLanguage\":\"en-GB\",\"@id\":\"https:\\\/\\\/dyvo.eu\\\/yearout-onlus\\\/#\\\/schema\\\/logo\\\/image\\\/\",\"url\":\"https:\\\/\\\/dyvo.eu\\\/yearout-onlus\\\/wp-content\\\/uploads\\\/sites\\\/32\\\/YEAROUT-ONLUS.jpg\",\"contentUrl\":\"https:\\\/\\\/dyvo.eu\\\/yearout-onlus\\\/wp-content\\\/uploads\\\/sites\\\/32\\\/YEAROUT-ONLUS.jpg\",\"width\":334,\"height\":251,\"caption\":\"YEAROUT ONLUS\"},\"image\":{\"@id\":\"https:\\\/\\\/dyvo.eu\\\/yearout-onlus\\\/#\\\/schema\\\/logo\\\/image\\\/\"}}]}<\/script>\n<!-- \/ Yoast SEO plugin. -->","yoast_head_json":{"title":"Organisation - YEAROUT ONLUS","robots":{"index":"index","follow":"follow","max-snippet":"max-snippet:-1","max-image-preview":"max-image-preview:large","max-video-preview":"max-video-preview:-1"},"canonical":"https:\/\/dyvo.eu\/yearout-onlus\/","og_locale":"en_GB","og_type":"article","og_title":"Organisation - YEAROUT ONLUS","og_description":"YEAROUT ONLUS Piazzetta di Brera, 24 20121 Milano, Italy alice.riva@yearout.it http:\/\/www.yearout.it TUTOR Alice Riva alice.riva@yearout.it YearOut is mainly aimed at young people, who are the most important resource available to design a change. Volunteering means becoming aware of what is happening in the world, to plan for a better future. The younger generation is more ... Read more","og_url":"https:\/\/dyvo.eu\/yearout-onlus\/","og_site_name":"YEAROUT ONLUS","article_modified_time":"2022-11-03T22:25:27+00:00","og_image":[{"url":"https:\/\/dyvo.eu\/organisation-template-de\/wp-content\/uploads\/sites\/32\/map-pin-point.png","type":"","width":"","height":""}],"twitter_card":"summary_large_image","twitter_misc":{"Estimated reading time":"2 minutes"},"schema":{"@context":"https:\/\/schema.org","@graph":[{"@type":"WebPage","@id":"https:\/\/dyvo.eu\/yearout-onlus\/","url":"https:\/\/dyvo.eu\/yearout-onlus\/","name":"Organisation - YEAROUT ONLUS","isPartOf":{"@id":"https:\/\/dyvo.eu\/yearout-onlus\/#website"},"primaryImageOfPage":{"@id":"https:\/\/dyvo.eu\/yearout-onlus\/#primaryimage"},"image":{"@id":"https:\/\/dyvo.eu\/yearout-onlus\/#primaryimage"},"thumbnailUrl":"https:\/\/dyvo.eu\/organisation-template-de\/wp-content\/uploads\/sites\/32\/map-pin-point.png","datePublished":"2021-10-30T17:03:33+00:00","dateModified":"2022-11-03T22:25:27+00:00","breadcrumb":{"@id":"https:\/\/dyvo.eu\/yearout-onlus\/#breadcrumb"},"inLanguage":"en-GB","potentialAction":[{"@type":"ReadAction","target":["https:\/\/dyvo.eu\/yearout-onlus\/"]}]},{"@type":"ImageObject","inLanguage":"en-GB","@id":"https:\/\/dyvo.eu\/yearout-onlus\/#primaryimage","url":"https:\/\/dyvo.eu\/organisation-template-de\/wp-content\/uploads\/sites\/32\/map-pin-point.png","contentUrl":"https:\/\/dyvo.eu\/organisation-template-de\/wp-content\/uploads\/sites\/32\/map-pin-point.png"},{"@type":"BreadcrumbList","@id":"https:\/\/dyvo.eu\/yearout-onlus\/#breadcrumb","itemListElement":[{"@type":"ListItem","position":1,"name":"Home","item":"https:\/\/dyvo.eu\/yearout-onlus\/"},{"@type":"ListItem","position":2,"name":"Organisation"}]},{"@type":"WebSite","@id":"https:\/\/dyvo.eu\/yearout-onlus\/#website","url":"https:\/\/dyvo.eu\/yearout-onlus\/","name":"YEAROUT ONLUS","description":"Italia | Italy","publisher":{"@id":"https:\/\/dyvo.eu\/yearout-onlus\/#organization"},"potentialAction":[{"@type":"SearchAction","target":{"@type":"EntryPoint","urlTemplate":"https:\/\/dyvo.eu\/yearout-onlus\/?s={search_term_string}"},"query-input":{"@type":"PropertyValueSpecification","valueRequired":true,"valueName":"search_term_string"}}],"inLanguage":"en-GB"},{"@type":"Organization","@id":"https:\/\/dyvo.eu\/yearout-onlus\/#organization","name":"YEAROUT ONLUS","url":"https:\/\/dyvo.eu\/yearout-onlus\/","logo":{"@type":"ImageObject","inLanguage":"en-GB","@id":"https:\/\/dyvo.eu\/yearout-onlus\/#\/schema\/logo\/image\/","url":"https:\/\/dyvo.eu\/yearout-onlus\/wp-content\/uploads\/sites\/32\/YEAROUT-ONLUS.jpg","contentUrl":"https:\/\/dyvo.eu\/yearout-onlus\/wp-content\/uploads\/sites\/32\/YEAROUT-ONLUS.jpg","width":334,"height":251,"caption":"YEAROUT ONLUS"},"image":{"@id":"https:\/\/dyvo.eu\/yearout-onlus\/#\/schema\/logo\/image\/"}}]}},"_links":{"self":[{"href":"https:\/\/dyvo.eu\/yearout-onlus\/wp-json\/wp\/v2\/pages\/2","targetHints":{"allow":["GET"]}}],"collection":[{"href":"https:\/\/dyvo.eu\/yearout-onlus\/wp-json\/wp\/v2\/pages"}],"about":[{"href":"https:\/\/dyvo.eu\/yearout-onlus\/wp-json\/wp\/v2\/types\/page"}],"author":[{"embeddable":true,"href":"https:\/\/dyvo.eu\/yearout-onlus\/wp-json\/wp\/v2\/users\/1"}],"replies":[{"embeddable":true,"href":"https:\/\/dyvo.eu\/yearout-onlus\/wp-json\/wp\/v2\/comments?post=2"}],"version-history":[{"count":6,"href":"https:\/\/dyvo.eu\/yearout-onlus\/wp-json\/wp\/v2\/pages\/2\/revisions"}],"predecessor-version":[{"id":598,"href":"https:\/\/dyvo.eu\/yearout-onlus\/wp-json\/wp\/v2\/pages\/2\/revisions\/598"}],"wp:attachment":[{"href":"https:\/\/dyvo.eu\/yearout-onlus\/wp-json\/wp\/v2\/media?parent=2"}],"curies":[{"name":"wp","href":"https:\/\/api.w.org\/{rel}","templated":true}]}}